{"id":132,"date":"2020-10-20T13:46:43","date_gmt":"2020-10-20T16:46:43","guid":{"rendered":"https:\/\/comcristonocerrado.org\/?page_id=132"},"modified":"2022-02-24T16:48:19","modified_gmt":"2022-02-24T19:48:19","slug":"videos","status":"publish","type":"page","link":"https:\/\/comcristonocerrado.org\/?page_id=132","title":{"rendered":"V\u00eddeos"},"content":{"rendered":"\n<p>VIAGEM MISSION\u00c1RIA &#8211; RONDON\u00d3POLIS, CUIAB\u00c1 E PRIMAVERA DO LESTE &#8211; MT<\/p>\n\n\n\n<figure class=\"wp-block-video\"><video controls src=\"http:\/\/comcristonocerrado.org\/wp-content\/uploads\/2021\/07\/VIDEO-PRIMAVERA-DO-LESTE.mp4\"><\/video><\/figure>\n\n\n\n<p>Acompanhe as \u00faltimas reuni\u00f5es de Homens com Prop\u00f3sitos. Toda ter\u00e7a-feira um epis\u00f3dio novo. <\/p>\n\n\n\n<p><\/p>\n","protected":false},"excerpt":{"rendered":"<p>VIAGEM MISSION\u00c1RIA &#8211; RONDON\u00d3POLIS, CUIAB\u00c1 E PRIMAVERA DO LESTE &#8211; MT Acompanhe as \u00faltimas reuni\u00f5es de Homens com Prop\u00f3sitos. Toda ter\u00e7a-feira um epis\u00f3dio novo.<\/p>\n","protected":false},"author":2,"featured_media":0,"parent":0,"menu_order":0,"comment_status":"closed","ping_status":"closed","template":"","meta":{"footnotes":""},"class_list":["post-132","page","type-page","status-publish","hentry"],"_links":{"self":[{"href":"https:\/\/comcristonocerrado.org\/index.php?rest_route=\/wp\/v2\/pages\/132","targetHints":{"allow":["GET"]}}],"collection":[{"href":"https:\/\/comcristonocerrado.org\/index.php?rest_route=\/wp\/v2\/pages"}],"about":[{"href":"https:\/\/comcristonocerrado.org\/index.php?rest_route=\/wp\/v2\/types\/page"}],"author":[{"embeddable":true,"href":"https:\/\/comcristonocerrado.org\/index.php?rest_route=\/wp\/v2\/users\/2"}],"replies":[{"embeddable":true,"href":"https:\/\/comcristonocerrado.org\/index.php?rest_route=%2Fwp%2Fv2%2Fcomments&post=132"}],"version-history":[{"count":13,"href":"https:\/\/comcristonocerrado.org\/index.php?rest_route=\/wp\/v2\/pages\/132\/revisions"}],"predecessor-version":[{"id":721,"href":"https:\/\/comcristonocerrado.org\/index.php?rest_route=\/wp\/v2\/pages\/132\/revisions\/721"}],"wp:attachment":[{"href":"https:\/\/comcristonocerrado.org\/index.php?rest_route=%2Fwp%2Fv2%2Fmedia&parent=132"}],"curies":[{"name":"wp","href":"https:\/\/api.w.org\/{rel}","templated":true}]}}